2?
81
What is the greatest common factor of 33343332 and 239976?
13332
What is the greatest common factor of 4941400 and 1984?
248
What is the greatest common divisor of 44 and 20495134?
22
Calculate the greatest common divisor of 47039255 and 255.
85
What is the greatest common divisor of 64183300 and 500?
100
What is the greatest common divisor of 33728579 and 791?
113
What is the highest common divisor of 26980254 and 9?
9
What is the highest common divisor of 63190 and 3050870?
710
What is the highest common divisor of 13927280 and 160?
80
What is the highest common factor of 14649 and 1432638?
57
Calculate the greatest common divisor of 158 and 2190117.
79
Calculate the greatest common divisor of 32824 and 7821064.
2984
Calculate the highest common factor of 1000 and 1202150.
50
What is the highest common factor of 7364 and 26965127?
1841
What is the highest common divisor of 1011555 and 194995?
295
Calculate the greatest common factor of 94 and 289108186.
94
What is the highest common factor of 557488 and 1024?
16
What is the greatest common divisor of 960710 and 1334?
46
What is the greatest common divisor of 186 and 27613002?
186
Calculate the highest common divisor of 203 and 1121771.
7
Calculate the greatest common divisor of 15409278 and 365.
73
What is the highest common divisor of 45476 and 6152?
4
What is the greatest common factor of 219 and 169893338?
73
What is the highest common factor of 1437177 and 777?
21
What is the highest common divisor of 1599 and 1153371?
123
What is the greatest common factor of 11311949 and 4081?
583
Calculate the highest common factor of 2268 and 17410596.
84
What is the highest common factor of 3149740943 and 17?
17
Calculate the highest common factor of 924923 and 433451.
3413
What is the greatest common divisor of 44 and 622758906?
22
Calculate the greatest common divisor of 62424 and 350676.
1836
What is the highest common divisor of 2914814 and 2428?
1214
What is the highest common divisor of 4818145 and 5?
5
What is the greatest common factor of 341221 and 1748?
19
What is the greatest common factor of 164160 and 238598352?
8208
Calculate the highest common divisor of 3280382 and 742.
742
What is the greatest common divisor of 8 and 2650262?
2
What is the highest common factor of 25224940 and 170?
170
What is the highest common divisor of 3245 and 602195?
55
What is the greatest common divisor of 154719028 and 127336?
5788
What is the highest common factor of 24 and 15015348?
12
What is the highest common divisor of 255 and 30028069?
17
Calculate the highest common divisor of 10 and 4196705.
5
What is the greatest common factor of 178789 and 97889?
809
Calculate the greatest common divisor of 53172 and 52368512.
5908
What is the highest common factor of 24935267 and 1460?
73
What is the greatest common factor of 1041388 and 2637184?
7492
What is the highest common divisor of 2253795 and 9603?
291
Calculate the highest common divisor of 706509 and 1394523.
3699
What is the highest common factor of 8497 and 10647727?
29
What is the greatest common factor of 10 and 943081775?
5
Calculate the highest common factor of 153 and 588162600.
153
Calculate the highest common factor of 2931265 and 2675.
535
Calculate the highest common factor of 1003 and 38309177.
17
Calculate the highest common factor of 117 and 2406177.
9
What is the greatest common factor of 4470 and 178170?
30
Calculate the greatest common divisor of 1051782 and 115125.
921
What is the highest common divisor of 2583824 and 2?
2
What is the greatest common divisor of 464355 and 2115?
45
What is the greatest common divisor of 1105 and 6773845?
65
Calculate the highest common factor of 27209 and 5149424.
161
Calculate the greatest common factor of 2842 and 2110417.
29
What is the highest common factor of 933 and 24886220?
311
Calculate the highest common divisor of 1240 and 29903065.
155
Calculate the greatest common factor of 708795 and 68737364.
15751
Calculate the greatest common factor of 345844311 and 17565.
3513
Calculate the greatest common divisor of 657 and 44399403.
657
What is the highest common divisor of 19758 and 38591?
37
What is the highest common factor of 3551555 and 5440?
85
Calculate the highest common divisor of 22742 and 2555050.
274
What is the greatest common divisor of 703 and 6063227?
37
Calculate the greatest common divisor of 3194 and 269500138.
3194
Calculate the greatest common divisor of 339365 and 917080.
1135
Calculate the highest common factor of 67875264 and 279.
9
What is the highest common factor of 33 and 1930456?
11
What is the highest common divisor of 12796 and 182336?
28
Calculate the highest common divisor of 14070 and 62802852.
2814
Calculate the highest common divisor of 4674 and 182598.
6
What is the highest common factor of 480 and 5414484?
12
What is the greatest common factor of 66766 and 66329?
19
Calculate the highest common factor of 99 and 878058.
9
Calculate the greatest common divisor of 1348754 and 8195.
11
Calculate the highest common factor of 21478 and 60.
2
Calculate the greatest common divisor of 1044 and 15881850.
522
What is the highest common divisor of 3382779 and 663?
51
Calculate the greatest common factor of 2193507 and 434669.
593
Calculate the greatest common factor of 8519733 and 171.
171
Calculate the greatest common divisor of 322 and 4095150.
46
What is the highest common divisor of 576 and 440172?
36
What is the highest common divisor of 4560 and 16798299?
57
What is the greatest common divisor of 7411345 and 16676?
379
What is the highest common divisor of 91 and 17718?
1
Calculate the greatest common factor of 43809452 and 1833.
47
What is the greatest common divisor of 7450 and 921350?
50
Calculate the highest common factor of 42706722 and 966.
138
What is the highest common divisor of 140 and 70157444?
28
Calculate the greatest common divisor of 184353 and 2435043.
1131
Calculate the greatest common factor of 10680 and 345960.
120
What is the highest common divisor of 192 and 368484?
12
What is the greatest common divisor of 38789 and 2145179?
491
What is the highest common factor of 120688450 and 1780?
890
What is the greatest common factor of 18310336 and 80?
16
What is the greatest common factor of 184 and 52589546?
46
Calculate the highest common factor of 7168 and 107632.
112
What is the highest common divisor of 33856134 and 1068?
534
What is the greatest common divisor of 15918318 and 390?
78
What is the highest common divisor of 602976 and 22269?
1713
What is the highest common divisor of 2750270 and 505?
5
Calculate the highest common factor of 482833 and 48698.
13
Calculate the greatest common divisor of 94165633 and 101.
101
What is the greatest common divisor of 2829 and 500457?
69
What is the highest common factor of 102500 and 752500?
2500
What is the highest common factor of 7531 and 1972?
17
Calculate the greatest common divisor of 13886 and 39938.
2
Calculate the highest common factor of 610632 and 341296.
2056
What is the highest common divisor of 3993771 and 22296?
2787
Calculate the highest common divisor of 116 and 8868229.
29
Calculate the greatest common factor of 68234757 and 43182.
7197
What is the greatest common divisor of 13215510 and 90090?
6930
Calculate the highest common factor of 239752886 and 508.
254
Calculate the greatest common divisor of 12437484 and 29052.
3228
What is the greatest common factor of 294684 and 14664?
156
Calculate the highest common divisor of 10077551 and 11.
11
What is the highest common factor of 1618 and 716?
2
What is the highest common divisor of 204767134 and 143?
143
What is the greatest common factor of 648129 and 11433?
111
What is the highest common divisor of 18442570 and 4?
2
What is the highest common factor of 271060 and 15980?
20
What is the greatest common divisor of 17 and 18975553?
17
Calculate the greatest common factor of 22 and 25806748.
22
What is the highest common factor of 9668 and 54264?
4
Calculate the highest common divisor of 341388 and 72819.
783
What is the greatest common factor of 72 and 17157272?
8
Calculate the highest common factor of 1560 and 156628056.
312
What is the highest common factor of 5 and 29789765?
5
Calculate the highest common divisor of 102 and 4184